443. Is d composite?
False
Let n(v) = 17*v**2 - 6*v - 4. Let x be 1 - ((-8)/2 + (61 - -5)). Let u = -54 - x. Is n(u) composite?
False
Let q be 3 + -3 + 28 - 0. Suppose -m - 2*m - p - 1 = 0, -5*m = -3*p - 3. Suppose 4*k - 1032 + q = m. Is k a composite number?
False
Let d = -63841 + 230328. Is d composite?
False
Is (-126)/(-1071) + 146434/34 + 0 a prime number?
False
Let d(l) = -3*l + 43. Let t be d(13). Suppose 0 = -m + 3 - t. Is m/4 + 2504/32 + -4 prime?
False
Suppose -4*c = 4*h - 9664004, 3234015 = 2*h + c - 1597987. Is h composite?
True
Let j be 53/(-106) - 223*(-2)/4. Let x = j + -107. Is (-1 - x)*1*(0 - 337) a prime number?
False
Suppose -4*m + 22 = 2*x - 0*m, -3*m = x - 15. Let z be (-10)/x*(-1710)/(-20). Let p = z - -424. Is p a composite number?
False
Suppose 5*h - 4*s - 7 = -5, 3*s = -3*h + 12. Suppose -2*l - 2517 = -3*y + 3*l, -5*y - h*l = -4195. Is y a prime number?
True
Let p = 4243 - -60549. Suppose 6 = -2*x, -2*x - 276413 + p = -5*c. Is c a prime number?
True
Is (-2764 - 2)*12/72*-31 composite?
True
Suppose 57*c - 58*c + 3200 = 0. Suppose -c = -2*o + 3*m, 0 = 5*o - 5*m - 8317 + 312. Is o a composite number?
True
Let o = 114 + -88. Suppose 41 - o = 3*w. Suppose -w*x = 4*k - 1519, k + k - 4*x - 766 = 0. Is k composite?
True
Is (-69655)/(3*(-3)/9) a composite number?
True
Suppose -10 = 3*i - b - 28, 0 = 2*i + b - 7. Let y(w) = 2*w**3 - 2*w**2 + 4*w - 9. Is y(i) a prime number?
True
Suppose -2*s + 4 = -0. Suppose -3247 - 6255 = -s*m. Is m a prime number?
True
Suppose 4*x = 2*f + 216077 + 66085, -x - 4*f = -70509. Is x prime?
True
Suppose 3*u + 2554 - 17392 = 0. Suppose 0 = 96*z + 153495 + 180105. Let w = z + u. Is w composite?
False
Let k(i) = -1658*i - 4719. Is k(-8) a prime number?
False
Let o(h) = 23641*h + 1031. Is o(12) composite?
False
Suppose 2790063 = 20*c - 123877. Is c composite?
True
Suppose -8 = -3*s + 7. Suppose n = 6*n + 20, -s*z - 1913 = 2*n. Is (z/((-6)/(-2)))/(-3 - -2) composite?
False
Suppose a + 5782 = -0*w + 5*w, -3*w - 2*a + 3477 = 0. Let o = w + 11333. Suppose -4*j + 14*j - o = 0. Is j a prime number?
True
Let x = -6 - -10. Suppose x*d = -4*d + 32. Suppose 242 = -j - 5*u + 1321, j - 1061 = d*u. Is j prime?
True
Let l(t) = t**2 - 8*t - 77. Let j be 1 - 10/6 - 80/(-3). Is l(j) prime?
False
Let q(s) = -s**2. Let y(k) = k**2 - 18*k + 36. Let p(o) = -2*q(o) - y(o). Let b be p(-20). Suppose b*t = z + 2908, 2*t + 2*z - 544 = 910. Is t composite?
False
Suppose 0 = -2*a + 4*y + 12, -9*a + 5*y + 15 = -14*a. Suppose -2*o - 2*q = -a*o - 4668, 0 = -2*o - 4*q + 4670. Is o composite?
False
Suppose -135 = -28*g + 23*g. Let t = g + -24. Let m(f) = 6*f**2 + f + 2. Is m(t) a prime number?
True
Let b = -410644 - -668358. Is b a prime number?
False
Let s(d) = -980*d**2 + d - 2. Let t be s(1). Let g = -618 - t. Suppose 2*z + 3*n = g, 2*z - 22 = -2*n + 338. Is z a composite number?
True
Let s be ((-9)/(-5))/((-5)/(-375)). Let t = 1362 + s. Is t prime?
False
Suppose 4*y + 6 = 2*i, -4 = -5*i - 0*i - y. Let l(a) = 2299*a - 6. Is l(i) a prime number?
True
Suppose -5*g - 359900 = -5*c, -2*c = g - 149781 + 5812. Is c a prime number?
True
Let b(q) be the third derivative of 169*q**5/4 - q**4/4 + 5*q**3/6 - 2*q**2 + 13. Is b(2) prime?
True
Suppose -3*z + 12 = 0, 11*n - 14*n + 626353 = -2*z. Is n prime?
True
Let n = -25 - -46. Suppose -5*p - u + 90 - 27 = 0, -4*u + 18 = 2*p. Suppose -n*h + 8440 = -p*h. Is h a prime number?
False
Let l = -48507 - -25926. Is (1 - l)*(-10)/(-20) a composite number?
True
Suppose -35*u = -37*u - 12. Let l be -14*(-5)/((-20)/u). Suppose -17*n - 484 = -l*n. Is n composite?
True
Let d = 102 - 98. Let k be d/(-1) + 3*5. Suppose 0 = k*x - 2751 - 3200. Is x prime?
True
Suppose 14 = -13*c - c. Is (-4323 + 4/(-1))/c prime?
True
Suppose -44*n = -28369 - 8019. Let u = 4962 + n. Is u a composite number?
True
Suppose 16*y = 24*y - 46976. Suppose 12*f - 54316 + y = 0. Is f composite?
True
Suppose 0 = 24*c - 23*c - 23. Is 504 + c - (1 - -5) a prime number?
True
Let q(y) = -12218*y + 445. Is q(-9) a prime number?
False
Let j = -1074 + 1074. Suppose 2*r = -2*r + 188. Suppose j*i - i + r = 0. Is i a composite number?
False
Is (9 - -490)/(7728/(-1106) + 7) a prime number?
False
Suppose -2 = -3*s - 4*w + 15, -s - 2*w + 7 = 0. Suppose -1731 = -3*o - 5*j, -j = -0*j. Suppose 3*n = r - o, s*r - n - 1144 = r. Is r composite?
False
Let b = -522 + 513. Let o(h) be the first derivative of -13*h**2 - 23*h + 1. Is o(b) composite?
False
Let y = -28 + 16. Let l = 1206 + y. Is l/4 + 5/(-10) a composite number?
True
Let r(z) = -28900*z**3 - 47*z - 46. Is r(-1) prime?
True
Suppose -4*g = 3*c - 1081490, -3*g - 2*c + 133692 = -677425. Is g composite?
False
Let r be ((-2)/(-3) + -2)/(4/(-6)). Suppose -3064 = -11*d + 9*d + 3*n, -r*n - 1530 = -d. Is d prime?
False
Suppose 0 = -39*l - 46*l + 17411342 - 2918757. Is l a prime number?
False
Let z = 1982428 + -1349041. Is z composite?
True
Let g = 1517134 + -1019573. Is g prime?
True
Suppose 3337 - 20161 = -6*i. Suppose f + 3*f = i. Is f a prime number?
True
Let d = 33 - 29. Let b(l) = -l**3 + 25*l**2 + 28*l - 26. Let v be b(26). Is 27746/v + d/(-26) composite?
True
Suppose -140*s + 140*s - 285*s = -381962985. Is s prime?
True
Suppose 5*k = 7*k, 2*r = -4*k + 4. Is ((-228510)/75)/((-16)/(-10) - r) prime?
False
Let z be (2/(-4))/((-3)/12). Suppose z*d + 2910 = 8*d. Is d a composite number?
True
Let m = 5 + 2. Suppose -5*f + 24 = m*f. Suppose 5*k - 1891 = f*w, 2*k - 3*w + 208 = 960. Is k a composite number?
False
Let r be (4/6)/((-18)/(-27)). Let h be (r - 1)/(-3 - 4/(-4)). Suppose h = -d - 4*d + 3545. Is d composite?
False
Let a(o) = -o**2 + 7*o - 5. Let b = 12 - 7. Let x be a(b). Let k(c) = 89*c - 6. Is k(x) a composite number?
False
Suppose 22165880 = 47*i + 7903119. Is i a prime number?
True
Let n(r) = 26*r**2 + 15 + 35174*r - 35165*r - 36 + r**3. Is n(-25) composite?
False
Let u be (1/2)/((-1)/24). Let f(n) = n**3 + 14*n**2 + 26*n + 8. Let j be f(u). Let g = j - -179. Is g a composite number?
False
Is (3 + (855/(-10))/19)/(3/(-22004)) a prime number?
False
Let j be (-146)/1241 - (-2518)/17. Let o = j + 333. Is o a composite number?
True
Suppose -18 + 66 = 12*s. Let m be 2/3 + (-16)/6. Is m/s*(0 + -86) prime?
True
Let b(s) = 2037*s**2 + 10*s + 9. Let c be b(11). Suppose 308245 = 5*m - d, -4*m + c = 22*d - 25*d. Is m composite?
True
Suppose 2*z + 3*h - 16 = 0, 43 = 4*z + 3*h + 23. Suppose 2*u - 2*t = 2800, -2*u - z*t - 1104 = -3900. Is u a prime number?
True
Let z(d) = d**3 + 10*d + 8581. Let h be z(0). Let y = h + -2438. Is y composite?
False
Let n be ((-18)/3)/6 - (-2 + -7). Suppose 6 = -j + n. Suppose -15 = -j*a - 5, 5735 = 5*f - 4*a. Is f composite?
False
Let l = 81634 + -56688. Is l a prime number?
False
Let o be 40/200 + (-31)/5. Is -824*(-3)/(-2)*o - 5 a composite number?
False
Suppose 0 = -q + 3*q - 12. Suppose 8399 + 709 = -q*a. Is ((-13)/(-39))/((-2)/a) a composite number?
True
Let d = -40529 - -109236. Is d composite?
True
Is (-463505)/(-38) + 18/(-4) composite?
True
Suppose 1358 = 3*m - 5*p, 4*p + 1357 = -4*m + 7*m. Suppose -3*b + 304 = 2*s - 6*b, m = 3*s - 2*b. Is s composite?
False
Let k(i) = 205*i**2 + 17*i - 37. Suppose 48 = -36*n + 40*n. Is k(n) composite?
True
Let v(b) = 1145*b**2 + 85*b + 531. Is v(-10) composite?
True
Suppose 0 = -5*f - f. Suppose f = -3*p + 78 - 15. Is (-12)/p - 2094/(-14) a prime number?
True
Let u = -2 + 6. Let q be -127*(-8)/((-24)/9). Is q*(10/6 - u) a prime number?
False
Suppose -5*z = 15, h - 3*z + 4*z = -425. Let j = h + 669. Is j a composite number?
True
Let l = -23465 - -36068. Let y = 31392 - l. Is y a composite number?
True
Suppose 53*l + 34 = 19*l. Let p(q) = -993*q**3 + 7*q**2 + 7*q. Is p(l) prime?
False
Let q be (62*3)/(-3) + 3/(-1). Let w be q/(-20) + 1/(-4)*1. Suppose -2*u = w*u - 1465. Is u prime?
True
Suppose 5*q - 45 = -5*y, -5*q = 2*y - 0*q - 33. Let o be -33 - (0 + y + -4). Let n = o - -202. Is n composite?
True
Let y be (-7)/(21/(-8))*(-18)/(-24). Suppose 0 = -4*z, -y*r - 3*z - z + 19036 = 0. Is r prime?
False
Suppose 24*g - 25740 = 28*g. Let w = 14090 + g. Is w prime?
False
Let n(z) = 371*z**2 - 46*z + 41. Is n(-12) composite?
True
Suppose 6 = -4*c + 2*c, -4*g + 1165 = c. Is g - (3 - (4/(-4) + 3)) composite?
True
Let s = 335861 - 149412. Is s 